3*r - 3*c = 51. Suppose -2*z - 3*z + 220 = 0. Calculate the remainder when z is divided by r.
12
Suppose 85 = 32*p - 27*p. Let y(x) = -x**2 - 10*x - 8. Let o be y(-6). Suppose 0 = r + 3*r - 20, 3*r = z - o. Calculate the remainder when z is divided by p.
14
Let b be ((-7 + 7)/((-3)/(-1)))/2. Let v(w) = -w + 1. Let p be v(-5). Suppose b = -p*f + 3*f + 60. Calculate the remainder when 57 is divided by f.
17
Suppose 61*l - 51*l = 110. What is the remainder when 73 is divided by l?
7
Let y = 69 + -41. Let k be 217 + 36/20 + 20/(-25). Suppose s = -k + 272. What is the remainder when s is divided by y?
26
Let r(v) = v**3 + 7*v**2 + 5*v + 10. Calculate the remainder when 101 is divided by r(-3).
8
Let j(d) = 7*d**2 + 4. Calculate the remainder when j(-3) is divided by ((765/(-20))/(-9))/((-5)/(-40)).
33
Suppose 2*p + 13 = -25. Let u = 30 + p. Calculate the remainder when 43 is divided by u.
10
Let z(l) = -l**3 - 10*l**2 + 22*l + 26. What is the remainder when 299 is divided by z(-12)?
49
Let w(h) = 4*h + 48. What is the remainder when 80 is divided by w(-5)?
24
Suppose 8 = o - 10. Suppose 0 = 2*i + 3*x - 5*x, 2*x = 10. Suppose 3*b + 4*g - 136 = -b, 0 = -i*b - g + 174. Calculate the remainder when b is divided by o.
17
Suppose -4*w - s + 33 = -16, 4*s = 2*w - 20. Let h = -6 - -1. Let x(t) = -t**3 - 4*t**2 + 5*t + 5. What is the remainder when w is divided by x(h)?
2
Let c(q) = -q + 2. Let r be c(0). Suppose r*f = -10, -2*f = -2*y + 15 + 7. Calculate the remainder when 20 is divided by y.
2
Let r be (-4 - 0 - -3) + -3. Calculate the remainder when 13 is divided by (r - 1) + 2 - -7.
1
Suppose -5*g + 0*z = -2*z - 2192, 4*g = 2*z + 1754. Calculate the remainder when g is divided by 44.
42
Let o = -14 - -36. Suppose -4 = 6*w - o. Suppose 2*d - 6*d = -3*r, d - 15 = -w*r. What is the remainder when d is divided by 2?
1
Suppose -6*t - 21 = -9*t. Let o = t + 15. What is the remainder when 86 is divided by o?
20
Let h = 23 - 13. Let n be ((-8)/h)/((-1)/5). Suppose 3*j - 125 = -5*r, n*r - 3*j - 38 - 35 = 0. Calculate the remainder when 87 is divided by r.
21
Suppose 45*o - 2229 = 471. What is the remainder when 225 is divided by o?
45
Let z(x) = -12*x - 327. Calculate the remainder when 83 is divided by z(-28).
2
Let h = -12 - -14. Let m = -2 + h. Suppose m = -4*o + 15 + 25. Calculate the remainder when o is divided by 6.
4
Let u(f) = 7*f - 5. Let a = 13 - -18. Calculate the remainder when u(9) is divided by a.
27
Let o(d) = d**2 - 15*d - 14. Suppose 7*j - 173 = -61. Calculate the remainder when 2 is divided by o(j).
0
Let i(f) be the second derivative of -1/2*f**2 - 1/3*f**3 + 0 - f**4 - 8*f - 1/20*f**5. Calculate the remainder when 68 is divided by i(-12).
22
Let r be 18*(0 - -3)*2/4. Suppose -r = -2*h + h. What is the remainder when h is divided by 11?
5
Suppose l = -11 + 53. Suppose 5*r - l = -3*t, 5*r - 77 + 17 = -5*t. Calculate the remainder when 1/(-3) - (-111)/t is divided by 5.
2
Suppose -3 = 6*r - 3*r. What is the remainder when 19 is divided by (-3 - 7/(-2))*r*-22?
8
Let p(c) = -2*c**2 - 16*c - 19. What is the remainder when 26 is divided by p(-6)?
1
What is the remainder when 2543 is divided by 38/(-190) - (-121)/5?
23
Let l = 184 - 170. Let c(m) = m**2 + 11*m - 2. Let f = 17 - 30. What is the remainder when c(f) is divided by l?
10
Let n be 4/(-20) - 3063/(-15). Suppose d + 3*d = n. What is the remainder when d is divided by 18?
15
Let o be (-2034)/(-45) - 1/5. Calculate the remainder when 54 is divided by (-56)/6*o/(-30).
12
Let n(r) = r**2 + 8*r + 10. What is the remainder when 46*(20/8 - 0) is divided by n(-10)?
25
Let g = 36 - 29. Suppose -2*f = -g*f + 35. What is the remainder when 11 is divided by f?
4
Let o = -29 - -40. Suppose -3*z + 52 = -5*p, 5*z + 4*p - 2 = 97. Calculate the remainder when z is divided by o.
8
Suppose -4*b + 99 = 3*m - 0*m, -m = -b + 16. Suppose -x - b + 23 = 0. What is the remainder when 3 is divided by x?
1
Let s(w) be the third derivative of w**5/60 - 5*w**4/12 + 7*w**3/3 + 8*w**2. Let h(m) = -m - 4. What is the remainder when s(9) is divided by h(-6)?
1
Calculate the remainder when (-27 - -38) + (-284)/(-4) is divided by 69.
13
Let l(p) = 2*p**3 + 2*p + 1. Let y = 52 - 36. Calculate the remainder when l(3) is divided by y.
13
Let y(v) = -v + 64. Suppose -j - 3*h + 4*h = 40, 3*h + 174 = -4*j. Let z = j + 53. What is the remainder when y(0) is divided by z?
9
Let v = 54 + -34. Calculate the remainder when 2*-1*(-19 + -1) is divided by v/50 + (-136)/(-10).
12
Let y(b) = 5*b + 137. Calculate the remainder when 285 is divided by y(-21).
29
Let u(a) = 3*a**3 - a**2 + 31*a - 51. What is the remainder when 131 is divided by u(2)?
7
Let m(y) = -5*y**2 - 121*y + 25. Calculate the remainder when m(-22) is divided by 27.
24
Let h(c) = 18*c - 5. Let s(z) = 72*z - 21. Let j(w) = -9*h(w) + 2*s(w). Calculate the remainder when 82 is divided by j(-1).
19
Let t(s) = -22*s**2 + 5*s + 3. Let b be t(-3). What is the remainder when b/(-8) - 1/4 is divided by (-15)/(-25)*5 - -4?
5
Suppose 3*i = -3*a + 144, 2*i = -0*a - a + 50. Let r(m) = -m**2 - 21*m - 56. Calculate the remainder when a is divided by r(-17).
10
Let q = 439 - 261. Suppose -q + 6 = -4*f. What is the remainder when f is divided by 8?
3
Let l be (-2 + 0)/((-7)/(-56)). Let q = -10 - l. Suppose q*i - 7*i + 3 = 0. Calculate the remainder when 4 is divided by i.
1
Let z = 17 - -44. What is the remainder when 180 is divided by z?
58
Suppose 0 = -i + 8 - 5. Let n(z) = z**2 - 2*z - 3. Let m be n(4). Suppose 0 = 5*h - m. Calculate the remainder when i is divided by h.
0
Suppose 23 = 5*m - 2*u, -4*u - 7 = 3*m - 0*u. Suppose -t = 2*p + 3*p - 167, 0 = m*t - 6. Calculate the remainder when 97 is divided by p.
31
Let i(h) = 14*h - 52. Calculate the remainder when i(5) is divided by 13.
5
Let z = 108 + -96. Let y = -29 - -51. What is the remainder when y is divided by z?
10
Calculate the remainder when 2337 is divided by 546/(-98)*(-28)/(1 - -3).
36
Suppose 4*g - 106 = -t, -t + 2*g = -6*t + 458. Suppose 5*s + 0*s - t = 0. Suppose -m = s - 57. Calculate the remainder when m is divided by 14.
11
Suppose 148 = 5*x + 18. Let j = 92 + -83. Calculate the remainder when x is divided by j.
8
Let y(j) = 28*j - 17. Let k be y(4). Suppose 0 = -2*t - h + k, 4*t - 11*h = -6*h + 155. Calculate the remainder when t is divided by 23.
22
What is the remainder when 141 is divided by 2/4 + (-101)/(-2)?
39
Let h be 70/(-21)*(0 - 6/(-5)). What is the remainder when 139 is divided by 5 + -2 - (-15 - (-8)/h)?
19
Let z(o) = 2*o**3 - 55*o**2 + 5*o + 33. Calculate the remainder when z(28) is divided by 80.
77
Let a(v) = -15*v + 102. Calculate the remainder when 48 is divided by a(6).
0
Calculate the remainder when 237 is divided by (-3 + 2)*(-3 + -14).
16
Let k(s) = 3*s**2 + 26*s + 12. What is the remainder when 81 is divided by k(-9)?
18
Suppose -3*o - 39 = -6*o - 3*x, -3*x + 47 = 4*o. Let i = 36 + -26. Suppose -3*q - 76 = -5*m, q - 2 = -m + i. Calculate the remainder when m is divided by o.
6
Suppose -25*m + 23*m + 46 = 0. Suppose -2*i + 6*i + 5*c = m, 5*i + 5*c = 25. Calculate the remainder when i is divided by 1.
0
Let s be (6 - 1)*-4*1/(-4). Suppose -5*j - 4 + 28 = -2*n, 3*j + s*n = 2. Calculate the remainder when 41 is divided by j.
1
Suppose 5*f = -4*c + 117, 5*f - 92 - 22 = -3*c. Suppose -f = v - 91. Calculate the remainder when v is divided by 12.
10
Let y(d) = d**2 - 11*d - 3. Let q be y(11). Let v(x) = -42*x + 10. Let p be v(q). Let j = p + -66. What is the remainder when j is divided by 18?
16
Let x = -46 + 77. Suppose -f + x = -0*r + r, -8 = -2*r. Let u = -339 - -346. What is the remainder when f is divided by u?
6
Suppose -10*z + 112*z - 17034 = 0. What is the remainder when z is divided by 11?
2
Let a = -7 - 5. Let d = a - -11. Let o = d - -10. Calculate the remainder when 17 is divided by o.
8
Suppose 15 = 3*g, 2*g + 36 = -3*c + 547. What is the remainder when c is divided by 57?
53
Let j = -235 - -290. Calculate the remainder when j is divided by 16.
7
Suppose 0 = 3*u - 5*s - 98, -3*s - 51 - 45 = -3*u. Suppose 2*a = -2*l + 114, -l = 64*a - 59*a - 301. What is the remainder when a is divided by u?
30
Let f = -12 - -15. Suppose f*y = 5*y. Calculate the remainder when ((y - 34) + 3)*-1 is divided b